{"id":4614,"date":"2024-08-15T21:32:04","date_gmt":"2024-08-15T21:32:04","guid":{"rendered":"https:\/\/casitadechocolate.ec\/?page_id=4614"},"modified":"2024-08-15T21:33:16","modified_gmt":"2024-08-15T21:33:16","slug":"mama-y-papa","status":"publish","type":"page","link":"https:\/\/casitadechocolate.ec\/index.php\/mama-y-papa\/","title":{"rendered":"MAMA Y PAPA"},"content":{"rendered":"\t\t<div data-elementor-type=\"wp-page\" data-elementor-id=\"4614\" class=\"elementor elementor-4614\" data-elementor-post-type=\"page\">\n\t\t\t\t\t\t<section class=\"elementor-section elementor-top-section elementor-element elementor-element-02ba088 elementor-section-boxed elementor-section-height-default elementor-section-height-default\" data-id=\"02ba088\" data-element_type=\"section\" data-e-type=\"section\">\n\t\t\t\t\t\t<div class=\"elementor-container elementor-column-gap-default\">\n\t\t\t\t\t<div class=\"elementor-column elementor-col-100 elementor-top-column elementor-element elementor-element-a439f0e\" data-id=\"a439f0e\" data-element_type=\"column\" data-e-type=\"column\">\n\t\t\t<div class=\"elementor-widget-wrap elementor-element-populated\">\n\t\t\t\t\t\t<div class=\"elementor-element elementor-element-0b5246d elementor-widget elementor-widget-image\" data-id=\"0b5246d\" data-element_type=\"widget\" data-e-type=\"widget\" data-widget_type=\"image.default\">\n\t\t\t\t<div class=\"elementor-widget-container\">\n\t\t\t\t\t\t\t\t\t\t\t\t\t\t\t<img fetchpriority=\"high\" decoding=\"async\" width=\"1024\" height=\"1024\" src=\"https:\/\/casitadechocolate.ec\/wp-content\/uploads\/2024\/08\/PORTADAS-CATEGORIAS-PASTELES-7-1024x1024.png\" class=\"attachment-large size-large wp-image-4609\" alt=\"\" srcset=\"https:\/\/casitadechocolate.ec\/wp-content\/uploads\/2024\/08\/PORTADAS-CATEGORIAS-PASTELES-7-1024x1024.png 1024w, https:\/\/casitadechocolate.ec\/wp-content\/uploads\/2024\/08\/PORTADAS-CATEGORIAS-PASTELES-7-300x300.png 300w, https:\/\/casitadechocolate.ec\/wp-content\/uploads\/2024\/08\/PORTADAS-CATEGORIAS-PASTELES-7-150x150.png 150w, https:\/\/casitadechocolate.ec\/wp-content\/uploads\/2024\/08\/PORTADAS-CATEGORIAS-PASTELES-7-768x768.png 768w, https:\/\/casitadechocolate.ec\/wp-content\/uploads\/2024\/08\/PORTADAS-CATEGORIAS-PASTELES-7-600x600.png 600w, https:\/\/casitadechocolate.ec\/wp-content\/uploads\/2024\/08\/PORTADAS-CATEGORIAS-PASTELES-7-100x100.png 100w, https:\/\/casitadechocolate.ec\/wp-content\/uploads\/2024\/08\/PORTADAS-CATEGORIAS-PASTELES-7.png 1080w\" sizes=\"(max-width: 1024px) 100vw, 1024px\" \/>\t\t\t\t\t\t\t\t\t\t\t\t\t\t\t<\/div>\n\t\t\t\t<\/div>\n\t\t\t\t\t<\/div>\n\t\t<\/div>\n\t\t\t\t\t<\/div>\n\t\t<\/section>\n\t\t\t\t<section class=\"elementor-section elementor-top-section elementor-element elementor-element-7983f13 elementor-section-boxed elementor-section-height-default elementor-section-height-default\" data-id=\"7983f13\" data-element_type=\"section\" data-e-type=\"section\">\n\t\t\t\t\t\t<div class=\"elementor-container elementor-column-gap-default\">\n\t\t\t\t\t<div class=\"elementor-column elementor-col-50 elementor-top-column elementor-element elementor-element-40b1032\" data-id=\"40b1032\" data-element_type=\"column\" data-e-type=\"column\">\n\t\t\t<div class=\"elementor-widget-wrap elementor-element-populated\">\n\t\t\t\t\t\t<div class=\"elementor-element elementor-element-d22eff5 elementor-widget elementor-widget-text-editor\" data-id=\"d22eff5\" data-element_type=\"widget\" data-e-type=\"widget\" data-widget_type=\"text-editor.default\">\n\t\t\t\t<div class=\"elementor-widget-container\">\n\t\t\t\t\t\t\t\t\t<h3><strong>\u00a1Celebra a pap\u00e1 y a mam\u00e1 con un pastel delicioso!<\/strong><\/h3><h4>Nuestra galer\u00eda est\u00e1 llena de ideas para sorprender a las personas m\u00e1s importantes de tu vida. \u00bfQuieres un pastel con forma de herramienta para pap\u00e1 o un ramo de flores para mam\u00e1? \u00a1Cont\u00e1ctanos hoy mismo y haremos realidad tu idea!<\/h4>\t\t\t\t\t\t\t\t<\/div>\n\t\t\t\t<\/div>\n\t\t\t\t\t<\/div>\n\t\t<\/div>\n\t\t\t\t<div class=\"elementor-column elementor-col-50 elementor-top-column elementor-element elementor-element-b396cbc\" data-id=\"b396cbc\" data-element_type=\"column\" data-e-type=\"column\">\n\t\t\t<div class=\"elementor-widget-wrap elementor-element-populated\">\n\t\t\t\t\t\t<div class=\"elementor-element elementor-element-e64cba9 elementor-widget elementor-widget-gallery\" data-id=\"e64cba9\" data-element_type=\"widget\" data-e-type=\"widget\" data-settings=\"{&quot;columns&quot;:3,&quot;gap&quot;:{&quot;unit&quot;:&quot;px&quot;,&quot;size&quot;:5,&quot;sizes&quot;:[]},&quot;aspect_ratio&quot;:&quot;1:1&quot;,&quot;image_hover_animation&quot;:&quot;grow&quot;,&quot;lazyload&quot;:&quot;yes&quot;,&quot;gallery_layout&quot;:&quot;grid&quot;,&quot;columns_tablet&quot;:2,&quot;columns_mobile&quot;:1,&quot;gap_tablet&quot;:{&quot;unit&quot;:&quot;px&quot;,&quot;size&quot;:10,&quot;sizes&quot;:[]},&quot;gap_mobile&quot;:{&quot;unit&quot;:&quot;px&quot;,&quot;size&quot;:10,&quot;sizes&quot;:[]},&quot;link_to&quot;:&quot;file&quot;,&quot;overlay_background&quot;:&quot;yes&quot;,&quot;content_hover_animation&quot;:&quot;fade-in&quot;}\" data-widget_type=\"gallery.default\">\n\t\t\t\t<div class=\"elementor-widget-container\">\n\t\t\t\t\t\t\t<div class=\"elementor-gallery__container\">\n\t\t\t\t\t\t\t<a class=\"e-gallery-item elementor-gallery-item elementor-animated-content\" href=\"https:\/\/casitadechocolate.ec\/wp-content\/uploads\/2024\/05\/IMAGENES-PAGINA-WEB-21.png\" data-elementor-open-lightbox=\"yes\" data-elementor-lightbox-slideshow=\"e64cba9\" data-elementor-lightbox-title=\"Pastel 3 pisos toda ocasi\u00f3n\" data-e-action-hash=\"#elementor-action%3Aaction%3Dlightbox%26settings%3DeyJpZCI6NDI5MiwidXJsIjoiaHR0cHM6XC9cL2Nhc2l0YWRlY2hvY29sYXRlLmVjXC93cC1jb250ZW50XC91cGxvYWRzXC8yMDI0XC8wNVwvSU1BR0VORVMtUEFHSU5BLVdFQi0yMS5wbmciLCJzbGlkZXNob3ciOiJlNjRjYmE5In0%3D\">\n\t\t\t\t\t<div class=\"e-gallery-image elementor-gallery-item__image\" data-thumbnail=\"https:\/\/casitadechocolate.ec\/wp-content\/uploads\/2024\/05\/IMAGENES-PAGINA-WEB-21.png\" data-width=\"987\" data-height=\"1022\" aria-label=\"\" role=\"img\" ><\/div>\n\t\t\t\t\t\t\t\t\t\t\t<div class=\"elementor-gallery-item__overlay\"><\/div>\n\t\t\t\t\t\t\t\t\t\t\t\t\t\t<\/a>\n\t\t\t\t\t\t\t<a class=\"e-gallery-item elementor-gallery-item elementor-animated-content\" href=\"https:\/\/casitadechocolate.ec\/wp-content\/uploads\/2023\/06\/minitortas.png\" data-elementor-open-lightbox=\"yes\" data-elementor-lightbox-slideshow=\"e64cba9\" data-elementor-lightbox-title=\"minitortas\" data-e-action-hash=\"#elementor-action%3Aaction%3Dlightbox%26settings%3DeyJpZCI6MzcyNywidXJsIjoiaHR0cHM6XC9cL2Nhc2l0YWRlY2hvY29sYXRlLmVjXC93cC1jb250ZW50XC91cGxvYWRzXC8yMDIzXC8wNlwvbWluaXRvcnRhcy5wbmciLCJzbGlkZXNob3ciOiJlNjRjYmE5In0%3D\">\n\t\t\t\t\t<div class=\"e-gallery-image elementor-gallery-item__image\" data-thumbnail=\"https:\/\/casitadechocolate.ec\/wp-content\/uploads\/2023\/06\/minitortas.png\" data-width=\"800\" data-height=\"969\" aria-label=\"\" role=\"img\" ><\/div>\n\t\t\t\t\t\t\t\t\t\t\t<div class=\"elementor-gallery-item__overlay\"><\/div>\n\t\t\t\t\t\t\t\t\t\t\t\t\t\t<\/a>\n\t\t\t\t\t\t\t<a class=\"e-gallery-item elementor-gallery-item elementor-animated-content\" href=\"https:\/\/casitadechocolate.ec\/wp-content\/uploads\/2024\/05\/IMAGENES-PAGINA-WEB-22.png\" data-elementor-open-lightbox=\"yes\" data-elementor-lightbox-slideshow=\"e64cba9\" data-elementor-lightbox-title=\"Pastel mujer Toda ocasion\" data-e-action-hash=\"#elementor-action%3Aaction%3Dlightbox%26settings%3DeyJpZCI6NDI5MywidXJsIjoiaHR0cHM6XC9cL2Nhc2l0YWRlY2hvY29sYXRlLmVjXC93cC1jb250ZW50XC91cGxvYWRzXC8yMDI0XC8wNVwvSU1BR0VORVMtUEFHSU5BLVdFQi0yMi5wbmciLCJzbGlkZXNob3ciOiJlNjRjYmE5In0%3D\">\n\t\t\t\t\t<div class=\"e-gallery-image elementor-gallery-item__image\" data-thumbnail=\"https:\/\/casitadechocolate.ec\/wp-content\/uploads\/2024\/05\/IMAGENES-PAGINA-WEB-22.png\" data-width=\"987\" data-height=\"1022\" aria-label=\"\" role=\"img\" ><\/div>\n\t\t\t\t\t\t\t\t\t\t\t<div class=\"elementor-gallery-item__overlay\"><\/div>\n\t\t\t\t\t\t\t\t\t\t\t\t\t\t<\/a>\n\t\t\t\t\t\t\t<a class=\"e-gallery-item elementor-gallery-item elementor-animated-content\" href=\"https:\/\/casitadechocolate.ec\/wp-content\/uploads\/2024\/05\/IMAGENES-PAGINA-WEB-36.png\" data-elementor-open-lightbox=\"yes\" data-elementor-lightbox-slideshow=\"e64cba9\" data-elementor-lightbox-title=\"Galletas Dia de la Madre\" data-e-action-hash=\"#elementor-action%3Aaction%3Dlightbox%26settings%3DeyJpZCI6NDMwNywidXJsIjoiaHR0cHM6XC9cL2Nhc2l0YWRlY2hvY29sYXRlLmVjXC93cC1jb250ZW50XC91cGxvYWRzXC8yMDI0XC8wNVwvSU1BR0VORVMtUEFHSU5BLVdFQi0zNi5wbmciLCJzbGlkZXNob3ciOiJlNjRjYmE5In0%3D\">\n\t\t\t\t\t<div class=\"e-gallery-image elementor-gallery-item__image\" data-thumbnail=\"https:\/\/casitadechocolate.ec\/wp-content\/uploads\/2024\/05\/IMAGENES-PAGINA-WEB-36.png\" data-width=\"987\" data-height=\"1022\" aria-label=\"\" role=\"img\" ><\/div>\n\t\t\t\t\t\t\t\t\t\t\t<div class=\"elementor-gallery-item__overlay\"><\/div>\n\t\t\t\t\t\t\t\t\t\t\t\t\t\t<\/a>\n\t\t\t\t\t\t\t<a class=\"e-gallery-item elementor-gallery-item elementor-animated-content\" href=\"https:\/\/casitadechocolate.ec\/wp-content\/uploads\/2023\/06\/PAPAst_001.png\" data-elementor-open-lightbox=\"yes\" data-elementor-lightbox-slideshow=\"e64cba9\" data-elementor-lightbox-title=\"PAPAst_001\" data-e-action-hash=\"#elementor-action%3Aaction%3Dlightbox%26settings%3DeyJpZCI6MzU0OCwidXJsIjoiaHR0cHM6XC9cL2Nhc2l0YWRlY2hvY29sYXRlLmVjXC93cC1jb250ZW50XC91cGxvYWRzXC8yMDIzXC8wNlwvUEFQQXN0XzAwMS5wbmciLCJzbGlkZXNob3ciOiJlNjRjYmE5In0%3D\">\n\t\t\t\t\t<div class=\"e-gallery-image elementor-gallery-item__image\" data-thumbnail=\"https:\/\/casitadechocolate.ec\/wp-content\/uploads\/2023\/06\/PAPAst_001.png\" data-width=\"987\" data-height=\"1022\" aria-label=\"\" role=\"img\" ><\/div>\n\t\t\t\t\t\t\t\t\t\t\t<div class=\"elementor-gallery-item__overlay\"><\/div>\n\t\t\t\t\t\t\t\t\t\t\t\t\t\t<\/a>\n\t\t\t\t\t\t\t<a class=\"e-gallery-item elementor-gallery-item elementor-animated-content\" href=\"https:\/\/casitadechocolate.ec\/wp-content\/uploads\/2023\/06\/pas_rosas_001.png\" data-elementor-open-lightbox=\"yes\" data-elementor-lightbox-slideshow=\"e64cba9\" data-elementor-lightbox-title=\"PASTEL BODA ROSAS\" data-e-action-hash=\"#elementor-action%3Aaction%3Dlightbox%26settings%3DeyJpZCI6MzU1MiwidXJsIjoiaHR0cHM6XC9cL2Nhc2l0YWRlY2hvY29sYXRlLmVjXC93cC1jb250ZW50XC91cGxvYWRzXC8yMDIzXC8wNlwvcGFzX3Jvc2FzXzAwMS5wbmciLCJzbGlkZXNob3ciOiJlNjRjYmE5In0%3D\">\n\t\t\t\t\t<div class=\"e-gallery-image elementor-gallery-item__image\" data-thumbnail=\"https:\/\/casitadechocolate.ec\/wp-content\/uploads\/2023\/06\/pas_rosas_001.png\" data-width=\"987\" data-height=\"1022\" aria-label=\"\" role=\"img\" ><\/div>\n\t\t\t\t\t\t\t\t\t\t\t<div class=\"elementor-gallery-item__overlay\"><\/div>\n\t\t\t\t\t\t\t\t\t\t\t\t\t\t<\/a>\n\t\t\t\t\t\t\t<a class=\"e-gallery-item elementor-gallery-item elementor-animated-content\" href=\"https:\/\/casitadechocolate.ec\/wp-content\/uploads\/2024\/05\/IMAGENES-PAGINA-WEB-34.png\" data-elementor-open-lightbox=\"yes\" data-elementor-lightbox-slideshow=\"e64cba9\" data-elementor-lightbox-title=\"Pastel Mujer Sombrero\" data-e-action-hash=\"#elementor-action%3Aaction%3Dlightbox%26settings%3DeyJpZCI6NDMwNSwidXJsIjoiaHR0cHM6XC9cL2Nhc2l0YWRlY2hvY29sYXRlLmVjXC93cC1jb250ZW50XC91cGxvYWRzXC8yMDI0XC8wNVwvSU1BR0VORVMtUEFHSU5BLVdFQi0zNC5wbmciLCJzbGlkZXNob3ciOiJlNjRjYmE5In0%3D\">\n\t\t\t\t\t<div class=\"e-gallery-image elementor-gallery-item__image\" data-thumbnail=\"https:\/\/casitadechocolate.ec\/wp-content\/uploads\/2024\/05\/IMAGENES-PAGINA-WEB-34.png\" data-width=\"987\" data-height=\"1022\" aria-label=\"\" role=\"img\" ><\/div>\n\t\t\t\t\t\t\t\t\t\t\t<div class=\"elementor-gallery-item__overlay\"><\/div>\n\t\t\t\t\t\t\t\t\t\t\t\t\t\t<\/a>\n\t\t\t\t\t\t\t<a class=\"e-gallery-item elementor-gallery-item elementor-animated-content\" href=\"https:\/\/casitadechocolate.ec\/wp-content\/uploads\/2024\/05\/IMAGENES-PAGINA-WEB-30.png\" data-elementor-open-lightbox=\"yes\" data-elementor-lightbox-slideshow=\"e64cba9\" data-elementor-lightbox-title=\"IMAGENES PAGINA WEB-30\" data-e-action-hash=\"#elementor-action%3Aaction%3Dlightbox%26settings%3DeyJpZCI6NDMwMSwidXJsIjoiaHR0cHM6XC9cL2Nhc2l0YWRlY2hvY29sYXRlLmVjXC93cC1jb250ZW50XC91cGxvYWRzXC8yMDI0XC8wNVwvSU1BR0VORVMtUEFHSU5BLVdFQi0zMC5wbmciLCJzbGlkZXNob3ciOiJlNjRjYmE5In0%3D\">\n\t\t\t\t\t<div class=\"e-gallery-image elementor-gallery-item__image\" data-thumbnail=\"https:\/\/casitadechocolate.ec\/wp-content\/uploads\/2024\/05\/IMAGENES-PAGINA-WEB-30.png\" data-width=\"987\" data-height=\"1022\" aria-label=\"Pastel Mam\u00e1\" role=\"img\" ><\/div>\n\t\t\t\t\t\t\t\t\t\t\t<div class=\"elementor-gallery-item__overlay\"><\/div>\n\t\t\t\t\t\t\t\t\t\t\t\t\t\t<\/a>\n\t\t\t\t\t\t\t<a class=\"e-gallery-item elementor-gallery-item elementor-animated-content\" href=\"https:\/\/casitadechocolate.ec\/wp-content\/uploads\/2024\/07\/IMAGENES-PAGINA-WEB-80.png\" data-elementor-open-lightbox=\"yes\" data-elementor-lightbox-slideshow=\"e64cba9\" data-elementor-lightbox-title=\"IMAGENES PAGINA WEB-80\" data-e-action-hash=\"#elementor-action%3Aaction%3Dlightbox%26settings%3DeyJpZCI6NDQxNiwidXJsIjoiaHR0cHM6XC9cL2Nhc2l0YWRlY2hvY29sYXRlLmVjXC93cC1jb250ZW50XC91cGxvYWRzXC8yMDI0XC8wN1wvSU1BR0VORVMtUEFHSU5BLVdFQi04MC5wbmciLCJzbGlkZXNob3ciOiJlNjRjYmE5In0%3D\">\n\t\t\t\t\t<div class=\"e-gallery-image elementor-gallery-item__image\" data-thumbnail=\"https:\/\/casitadechocolate.ec\/wp-content\/uploads\/2024\/07\/IMAGENES-PAGINA-WEB-80.png\" data-width=\"987\" data-height=\"1022\" aria-label=\"\" role=\"img\" ><\/div>\n\t\t\t\t\t\t\t\t\t\t\t<div class=\"elementor-gallery-item__overlay\"><\/div>\n\t\t\t\t\t\t\t\t\t\t\t\t\t\t<\/a>\n\t\t\t\t\t\t\t<a class=\"e-gallery-item elementor-gallery-item elementor-animated-content\" href=\"https:\/\/casitadechocolate.ec\/wp-content\/uploads\/2024\/05\/IMAGENES-PAGINA-WEB-23.png\" data-elementor-open-lightbox=\"yes\" data-elementor-lightbox-slideshow=\"e64cba9\" data-elementor-lightbox-title=\"Pastel Mam\u00e1\" data-e-action-hash=\"#elementor-action%3Aaction%3Dlightbox%26settings%3DeyJpZCI6NDI5NCwidXJsIjoiaHR0cHM6XC9cL2Nhc2l0YWRlY2hvY29sYXRlLmVjXC93cC1jb250ZW50XC91cGxvYWRzXC8yMDI0XC8wNVwvSU1BR0VORVMtUEFHSU5BLVdFQi0yMy5wbmciLCJzbGlkZXNob3ciOiJlNjRjYmE5In0%3D\">\n\t\t\t\t\t<div class=\"e-gallery-image elementor-gallery-item__image\" data-thumbnail=\"https:\/\/casitadechocolate.ec\/wp-content\/uploads\/2024\/05\/IMAGENES-PAGINA-WEB-23.png\" data-width=\"987\" data-height=\"1022\" aria-label=\"\" role=\"img\" ><\/div>\n\t\t\t\t\t\t\t\t\t\t\t<div class=\"elementor-gallery-item__overlay\"><\/div>\n\t\t\t\t\t\t\t\t\t\t\t\t\t\t<\/a>\n\t\t\t\t\t\t\t<a class=\"e-gallery-item elementor-gallery-item elementor-animated-content\" href=\"https:\/\/casitadechocolate.ec\/wp-content\/uploads\/2024\/05\/IMAGENES-PAGINA-WEB-40.png\" data-elementor-open-lightbox=\"yes\" data-elementor-lightbox-slideshow=\"e64cba9\" data-elementor-lightbox-title=\"Osito para mam\u00e1\" data-e-action-hash=\"#elementor-action%3Aaction%3Dlightbox%26settings%3DeyJpZCI6NDMxMSwidXJsIjoiaHR0cHM6XC9cL2Nhc2l0YWRlY2hvY29sYXRlLmVjXC93cC1jb250ZW50XC91cGxvYWRzXC8yMDI0XC8wNVwvSU1BR0VORVMtUEFHSU5BLVdFQi00MC5wbmciLCJzbGlkZXNob3ciOiJlNjRjYmE5In0%3D\">\n\t\t\t\t\t<div class=\"e-gallery-image elementor-gallery-item__image\" data-thumbnail=\"https:\/\/casitadechocolate.ec\/wp-content\/uploads\/2024\/05\/IMAGENES-PAGINA-WEB-40.png\" data-width=\"987\" data-height=\"1022\" aria-label=\"\" role=\"img\" ><\/div>\n\t\t\t\t\t\t\t\t\t\t\t<div class=\"elementor-gallery-item__overlay\"><\/div>\n\t\t\t\t\t\t\t\t\t\t\t\t\t\t<\/a>\n\t\t\t\t\t\t\t<a class=\"e-gallery-item elementor-gallery-item elementor-animated-content\" href=\"https:\/\/casitadechocolate.ec\/wp-content\/uploads\/2023\/06\/cupcakes-papa.png\" data-elementor-open-lightbox=\"yes\" data-elementor-lightbox-slideshow=\"e64cba9\" data-elementor-lightbox-title=\"cupcakes-papa\" data-e-action-hash=\"#elementor-action%3Aaction%3Dlightbox%26settings%3DeyJpZCI6MzczNywidXJsIjoiaHR0cHM6XC9cL2Nhc2l0YWRlY2hvY29sYXRlLmVjXC93cC1jb250ZW50XC91cGxvYWRzXC8yMDIzXC8wNlwvY3VwY2FrZXMtcGFwYS5wbmciLCJzbGlkZXNob3ciOiJlNjRjYmE5In0%3D\">\n\t\t\t\t\t<div class=\"e-gallery-image elementor-gallery-item__image\" data-thumbnail=\"https:\/\/casitadechocolate.ec\/wp-content\/uploads\/2023\/06\/cupcakes-papa.png\" data-width=\"900\" data-height=\"900\" aria-label=\"\" role=\"img\" ><\/div>\n\t\t\t\t\t\t\t\t\t\t\t<div class=\"elementor-gallery-item__overlay\"><\/div>\n\t\t\t\t\t\t\t\t\t\t\t\t\t\t<\/a>\n\t\t\t\t\t\t\t<a class=\"e-gallery-item elementor-gallery-item elementor-animated-content\" href=\"https:\/\/casitadechocolate.ec\/wp-content\/uploads\/2024\/05\/IMAGENES-PAGINA-WEB-25.png\" data-elementor-open-lightbox=\"yes\" data-elementor-lightbox-slideshow=\"e64cba9\" data-elementor-lightbox-title=\"Pastel Baby Shower\" data-e-action-hash=\"#elementor-action%3Aaction%3Dlightbox%26settings%3DeyJpZCI6NDI5NiwidXJsIjoiaHR0cHM6XC9cL2Nhc2l0YWRlY2hvY29sYXRlLmVjXC93cC1jb250ZW50XC91cGxvYWRzXC8yMDI0XC8wNVwvSU1BR0VORVMtUEFHSU5BLVdFQi0yNS5wbmciLCJzbGlkZXNob3ciOiJlNjRjYmE5In0%3D\">\n\t\t\t\t\t<div class=\"e-gallery-image elementor-gallery-item__image\" data-thumbnail=\"https:\/\/casitadechocolate.ec\/wp-content\/uploads\/2024\/05\/IMAGENES-PAGINA-WEB-25.png\" data-width=\"987\" data-height=\"1022\" aria-label=\"\" role=\"img\" ><\/div>\n\t\t\t\t\t\t\t\t\t\t\t<div class=\"elementor-gallery-item__overlay\"><\/div>\n\t\t\t\t\t\t\t\t\t\t\t\t\t\t<\/a>\n\t\t\t\t\t<\/div>\n\t\t\t\t\t<\/div>\n\t\t\t\t<\/div>\n\t\t\t\t\t<\/div>\n\t\t<\/div>\n\t\t\t\t\t<\/div>\n\t\t<\/section>\n\t\t\t\t<\/div>\n\t\t","protected":false},"excerpt":{"rendered":"<p>\u00a1Celebra a pap\u00e1 y a mam\u00e1 con un pastel delicioso! Nuestra galer\u00eda est\u00e1 llena de ideas para sorprender a las personas m\u00e1s importantes de tu vida. \u00bfQuieres un pastel con forma de herramienta para pap\u00e1 o un ramo de flores para mam\u00e1? \u00a1Cont\u00e1ctanos hoy mismo y haremos realidad tu idea!<\/p>\n","protected":false},"author":8,"featured_media":0,"parent":0,"menu_order":0,"comment_status":"closed","ping_status":"closed","template":"","meta":{"site-sidebar-layout":"no-sidebar","site-content-layout":"page-builder","ast-site-content-layout":"full-width-container","site-content-style":"default","site-sidebar-style":"default","ast-global-header-display":"","ast-banner-title-visibility":"","ast-main-header-display":"","ast-hfb-above-header-display":"","ast-hfb-below-header-display":"","ast-hfb-mobile-header-display":"","site-post-title":"disabled","ast-breadcrumbs-content":"","ast-featured-img":"disabled","footer-sml-layout":"","theme-transparent-header-meta":"","adv-header-id-meta":"","stick-header-meta":"","header-above-stick-meta":"","header-main-stick-meta":"","header-below-stick-meta":"","astra-migrate-meta-layouts":"default","ast-page-background-enabled":"default","ast-page-background-meta":{"desktop":{"background-color":"var(--ast-global-color-4)","background-image":"","background-repeat":"repeat","background-position":"center center","background-size":"auto","background-attachment":"scroll","background-type":"","background-media":"","overlay-type":"","overlay-color":"","overlay-opacity":"","overlay-gradient":""},"tablet":{"background-color":"","background-image":"","background-repeat":"repeat","background-position":"center center","background-size":"auto","background-attachment":"scroll","background-type":"","background-media":"","overlay-type":"","overlay-color":"","overlay-opacity":"","overlay-gradient":""},"mobile":{"background-color":"","background-image":"","background-repeat":"repeat","background-position":"center center","background-size":"auto","background-attachment":"scroll","background-type":"","background-media":"","overlay-type":"","overlay-color":"","overlay-opacity":"","overlay-gradient":""}},"ast-content-background-meta":{"desktop":{"background-color":"var(--ast-global-color-5)","background-image":"","background-repeat":"repeat","background-position":"center center","background-size":"auto","background-attachment":"scroll","background-type":"","background-media":"","overlay-type":"","overlay-color":"","overlay-opacity":"","overlay-gradient":""},"tablet":{"background-color":"var(--ast-global-color-5)","background-image":"","background-repeat":"repeat","background-position":"center center","background-size":"auto","background-attachment":"scroll","background-type":"","background-media":"","overlay-type":"","overlay-color":"","overlay-opacity":"","overlay-gradient":""},"mobile":{"background-color":"var(--ast-global-color-5)","background-image":"","background-repeat":"repeat","background-position":"center center","background-size":"auto","background-attachment":"scroll","background-type":"","background-media":"","overlay-type":"","overlay-color":"","overlay-opacity":"","overlay-gradient":""}},"_joinchat":[],"footnotes":""},"class_list":["post-4614","page","type-page","status-publish","hentry"],"_links":{"self":[{"href":"https:\/\/casitadechocolate.ec\/index.php\/wp-json\/wp\/v2\/pages\/4614","targetHints":{"allow":["GET"]}}],"collection":[{"href":"https:\/\/casitadechocolate.ec\/index.php\/wp-json\/wp\/v2\/pages"}],"about":[{"href":"https:\/\/casitadechocolate.ec\/index.php\/wp-json\/wp\/v2\/types\/page"}],"author":[{"embeddable":true,"href":"https:\/\/casitadechocolate.ec\/index.php\/wp-json\/wp\/v2\/users\/8"}],"replies":[{"embeddable":true,"href":"https:\/\/casitadechocolate.ec\/index.php\/wp-json\/wp\/v2\/comments?post=4614"}],"version-history":[{"count":3,"href":"https:\/\/casitadechocolate.ec\/index.php\/wp-json\/wp\/v2\/pages\/4614\/revisions"}],"predecessor-version":[{"id":4632,"href":"https:\/\/casitadechocolate.ec\/index.php\/wp-json\/wp\/v2\/pages\/4614\/revisions\/4632"}],"wp:attachment":[{"href":"https:\/\/casitadechocolate.ec\/index.php\/wp-json\/wp\/v2\/media?parent=4614"}],"curies":[{"name":"wp","href":"https:\/\/api.w.org\/{rel}","templated":true}]}}